of 2050920208?
2
What is the millions digit of 519016889?
9
What is the thousands digit of 3124906?
4
What is the ten millions digit of 5652177211?
5
What is the thousands digit of 182171923?
1
What is the ten thousands digit of 71788810?
8
What is the tens digit of 284769767?
6
What is the hundreds digit of 268513445?
4
What is the thousands digit of 111300709?
0
What is the hundreds digit of 5279811?
8
What is the millions digit of 45077103?
5
What is the ten millions digit of 560319804?
6
What is the thousands digit of 346371672?
1
What is the hundreds digit of 122952393?
3
What is the hundreds digit of 607894560?
5
What is the hundreds digit of 660089617?
6
What is the units digit of 92848113?
3
What is the hundred millions digit of 732356074?
7
What is the units digit of 1426719155?
5
What is the hundred thousands digit of 1337296135?
2
What is the thousands digit of 157922844?
2
What is the hundreds digit of 312353909?
9
What is the hundred thousands digit of 1839412816?
4
What is the hundred thousands digit of 1706712?
7
What is the millions digit of 2340305150?
0
What is the ten thousands digit of 838349922?
4
What is the tens digit of 3341650071?
7
What is the units digit of 28804167?
7
What is the millions digit of 936956589?
6
What is the ten thousands digit of 747080948?
8
What is the millions digit of 2781893991?
1
What is the thousands digit of 1540610210?
0
What is the thousands digit of 1949512530?
2
What is the millions digit of 274181263?
4
What is the hundreds digit of 270248110?
1
What is the tens digit of 87106724?
2
What is the tens digit of 13365196?
9
What is the tens digit of 205447862?
6
What is the hundred millions digit of 393523263?
3
What is the millions digit of 262019169?
2
What is the ten thousands digit of 40492528?
9
What is the units digit of 813201853?
3
What is the hundred millions digit of 6772596530?
7
What is the units digit of 314843123?
3
What is the ten millions digit of 167644154?
6
What is the tens digit of 106704490?
9
What is the hundred thousands digit of 86543377?
5
What is the tens digit of 11617631?
3
What is the ten millions digit of 1219185786?
1
What is the tens digit of 110333110?
1
What is the ten thousands digit of 519706297?
0
What is the thousands digit of 21153350?
3
What is the tens digit of 15624136?
3
What is the millions digit of 22442521?
2
What is the millions digit of 1408513901?
8
What is the hundreds digit of 573677805?
8
What is the hundred thousands digit of 2800138724?
1
What is the thousands digit of 41613157?
3
What is the units digit of 141500510?
0
What is the hundred thousands digit of 974447719?
4
What is the ten millions digit of 312928258?
1
What is the thousands digit of 6202867514?
7
What is the tens digit of 110747049?
4
What is the thousands digit of 128587612?
7
What is the tens digit of 46022035?
3
What is the thousands digit of 47874261?
4
What is the tens digit of 128383928?
2
What is the millions digit of 2647152526?
7
What is the ten thousands digit of 149182997?
8
What is the hundred millions digit of 737491082?
7
What is the thousands digit of 1176450962?
0
What is the units digit of 135935434?
4
What is the billions digit of 4498858349?
4
What is the millions digit of 46678074?
6
What is the hundred millions digit of 401999602?
4
What is the hundred thousands digit of 519968256?
9
What is the ten thousands digit of 3958324501?
2
What is the millions digit of 200838927?
0
What is the hundreds digit of 1056395122?
1
What is the units digit of 152656057?
7
What is the hundred thousands digit of 76351989?
3
What is the millions digit of 11167490?
1
What is the thousands digit of 940575872?
5
What is the tens digit of 103644924?
2
What is the hundreds digit of 8250588839?
8
What is the units digit of 49414711?
1
What is the hundred thousands digit of 1020560906?
5
What is the thousands digit of 86613282?
3
What is the hundreds digit of 191044931?
9
What is the hundred millions digit of 436223548?
4
What is the thousands digit of 2987515405?
5
What is the hundreds digit of 234471006?
0
What is the tens digit of 99354381?
8
What is the hundred thousands digit of 1785713?
7
What is the tens digit of 42609013?
1
What is the ten thousands digit of 3710066705?
6
What is the ten thousands digit of 90564848?
6
What is the ten millions digit of 18902933?
1
What is the billions digit of 1603957916?
1
What is the hundreds digit of 1024691006?
0
What is the millions digit of 908756395?
8
What is the ten thousands digit of 7567617898?
1
What is the millions digit of 337312978?
7
What is the thousands digit of 70171049?
1
What is the hundred millions digit of 205419953?
2
What is the ten thousands digit of 38326754?
2
What is the hundred thousands digit of 776075215?
0
What is the millions digit of 33192779?
3
What is the millions digit of 1271027674?
1
What is the hundred thousands digit of 3799807720?
8
What is the hundred thousands digit of 98513979?
5
What is the ten thousands digit of 585997873?
9
What is the tens digit of 38063599?
9
What is the hundreds digit of 2004140397?
3
What is the thousands digit of 25545185?
5
What is the ten thousands digit of 81524787?
2
What is the hundreds digit of 2356791866?
8
What is the tens digit of 9518969?
6
What is the ten thousands digit of 25825009?
2
What is the ten millions digit of 3664540798?
6
What is the millions digit of 1477524267?
7
What is the millions digit of 840441640?
0
What is the billions digit of 2806153843?
2
What is the hundred thousands digit of 79376198?
3
What is the ten thousands digit of 288244081?
4
What is the ten thousands digit of 118319522?
1
What is the hundred millions digit of 568618703?
5
What is the tens digit of 5048331883?
8
What is the units digit of 48324624?
4
What is the hundred thousands digit of 1264261592?
2
What is the millions digit of 45408334?
5
What is the thousands digit of 80442500?
2
What is the hundred millions digit of 6292434734?
2
What is the hundred thousands digit of 123630306?
6
What is the thousands digit of 506289563?
9
What is the millions digit of 5053810604?
3
What is the ten thousands digit of 993216504?
1
What is the thousands digit of 1148796465?
6
What is the millions digit of 10819212?
0
What is the millions digit of 339620413?
9
What is the tens digit of 528925362?
6
What is the tens digit of 1860538483?
8
What is the hundreds digit of 2391010854?
8
What is the tens digit of 1180524210?
1
What is the thousands digit of 1727945367?
5
What is the thousands digit of 17331564?
1
What is the millions digit of 1082858270?
2
What is the hundreds digit of 674662328?
3
What is the tens digit of 115556655?
5
What is the hundred millions digit of 471359759?
4
What is the millions digit of 65359447?
5
What is the millions digit of 33069658?
3
What is the tens digit of 150820650?
5
What is the hundreds digit of 471715919?
9
What is the ten millions digit of 205711914?
0
What is the hundred thousands digit of 3326599412?
5
What is the hundred millions digit of 933022607?
9
What is the ten thousands digit of 31134370?
3
What is the ten thousands digit of 5162132059?
3
What is the hundred thousands digit of 43389301?
3
What is the hundred millions digit of 2216945378?
2
What is the hundreds digit of 5049193462?
4
What is the hundred thousands digit of 1593876723?
8
What is the hundreds digit of 78254265?
2
What is the millions digit of 142200871?
2
What is the millions digit of 948703866?
8
What is the billions digit of 1108850182?
1
What is the hundred millions digit of 170389353?
1
What is the units digit of 135334642?
2
What is the thousands digit of 258103271?
3
What is the hundred millions digit of 2380126208?
3
What is the hundred thousands digit of 182710249?
7
What is the hundred thousands digit of 545661164?
6
What is the units digit of 48404020?
0
What is the ten millions digit of 34060432?
3
What is the hundred millions digit of 190678842?
1
What is the millions digit of 140955675?
0
What is the billions digit of 1259787618?
1
What is the tens digit of 806409691?
9
What is the thousands digit of 5617995245?
5
What is the millions digit of 225154756?
5
What is the ten millions digit of 397877366?
9
What is the ten thousands digit of 290020112?
2
What is the 